. What is the hundreds digit of o?
7
Let o(g) be the third derivative of 3*g**5/4 - 3*g**4/8 - 11*g**3 + 12*g**2. What is the thousands digit of o(-5)?
1
Let n(d) = 9571*d**2 - 298*d - 877. What is the tens digit of n(-3)?
5
Suppose 0 = 57*i - 3854426 - 1361739 - 277096. What is the hundreds digit of i?
3
Suppose 25*q - 1445 + 20 = 0. Suppose -60*k + q*k = -204. What is the units digit of k?
8
Suppose -8 = -g + h, 0*h = -3*h - 9. Suppose -g*k - y = -3*y - 2150, 3*k + 5*y = 1321. Suppose -66 = 2*d - k. What is the units digit of d?
3
Let h be (-2031)/(-21) - (-8)/28. Let d = -89 + h. Suppose -2*y = d*y - 1520. What is the units digit of y?
2
Let d = 2778 - 2177. What is the tens digit of d?
0
Let v = -2482 - -12772. What is the ten thousands digit of v?
1
Suppose -5*w - 3*q + 9164 = 0, 9176 = 4*w + 3*q + 1843. Suppose 0 = 3*r - 5*k - 69 - w, 4*r - 5*k = 2525. What is the units digit of r?
5
Suppose -4*q + 20 = 0, -a + 5 = -6*a + q. What is the tens digit of 1/((a - 1)*(-1)/677)?
7
Let c = 76482 + -39476. What is the hundreds digit of c?
0
Let x(y) be the first derivative of 2/3*y**3 - 2*y + y**2 + 5/4*y**4 + 13. What is the tens digit of x(2)?
5
Let y(j) = -j - 14*j + 25 + 5*j - 3*j. Let i be y(11). Let q = -31 - i. What is the units digit of q?
7
Let l = 57826 + -35044. What is the hundreds digit of l?
7
Suppose 0 = 7*b - 2*b + 825. Let x = b + 291. What is the units digit of (x - 4)*(3 + 3/(-2))?
3
Let x = 18 - -32. Let z = 63 - x. Suppose -z*m + 406 = -11*m. What is the tens digit of m?
0
Let m(a) = -19*a**2 - 509*a - 12. What is the tens digit of m(-13)?
9
What is the hundreds digit of (-3)/(-18) + (-299696)/(-96)?
1
Suppose -4*d + 880 = 5*h, -7*h + d - 177 = -8*h. Suppose -h = 5*l - 2987. What is the hundreds digit of l?
5
Let p(l) = -l**3 + 8*l**2 - 10*l - 10. Let o be p(6). Suppose 0 = -o*w - 5*d - 32, 4*d = -3*w - d - 38. What is the units digit of ((-63)/w + -4)*16?
4
Let k be 4658/238 - (-3)/7. Let i = 206 - k. What is the hundreds digit of i?
1
Let s be ((-2)/(-3))/((-3)/(111 - 3)). Let q be (s/16)/(1/(-2)). Suppose q*o - 111 = 3*m, -5*m + 202 = 4*o + 54. What is the units digit of o?
7
What is the thousands digit of (-43820)/25*(-170)/17?
7
What is the tens digit of -5945*((-12)/27 + -6 + (-546)/(-135))?
6
Let v(o) = -o**2. Let p(j) = 39*j**2 - 23*j + 2. Let w(b) = p(b) - 3*v(b). What is the units digit of w(3)?
1
Let m(q) = q**3 - q**2 + 10*q - 51. Let c be m(8). Suppose -3*d = -5*f + 2*f - c, 3*f + 315 = 2*d. What is the tens digit of d?
6
What is the tens digit of (52/(-6))/((-144)/108)*1718?
6
Suppose 7 = -3*b + 4*k + 17, -2*b + 3 = k. Let y be 0 - (1578/(-4) + b/(-4)). Suppose 2*j - 1 + 3 = 0, -5*j + y = 4*u. What is the hundreds digit of u?
1
Let l be (-14)/(-8) + 5/160*8. Suppose 0 = -2*h + 3*q + 659, -l*h - 2*q + 995 = h. What is the tens digit of h?
3
Let q(s) = -47*s**3 + 6*s**2 + 9*s + 8. Let o be q(-3). Suppose d - o = -3*r, -5*r + d = 2*d - 2176. What is the tens digit of r?
3
Suppose 1917*i + 134001 = 1938*i. What is the units digit of i?
1
What is the thousands digit of (-4)/(32/(-15108))*(11 + -5)?
1
Let x = 689 + 46. Suppose 5*l - 4*j = x, 5*l = 2*j + 643 + 82. Let g = -43 + l. What is the hundreds digit of g?
1
Let j(z) = -z**3 + 32*z**2 + 2*z - 58. Let i be j(32). What is the thousands digit of -3 + (2804/(-5))/(i/(-15))?
1
Suppose -391*j - 417640 = -401*j. What is the hundreds digit of j?
7
Let f = 6954 - 3273. What is the tens digit of f?
8
Suppose -3*f + 704 = 5*f. Let a be (-3)/9 - f/(-12). Suppose 0 = -a*n + 719 + 170. What is the tens digit of n?
2
Let g = -809 + 4494. Suppose -7*z = 514 - g. What is the hundreds digit of z?
4
Let w be 160/(-26) + 6 - (-2578)/26. Suppose -w + 351 = o. What is the tens digit of o?
5
Let i(n) = -26*n - 177. Let w be i(-7). What is the units digit of (403 + -1 - w) + -3?
4
Let n(g) = -49 + 19 + 23 - 79 - 27*g. What is the hundreds digit of n(-30)?
7
Let d(v) = 4*v - 70. Let l be d(16). What is the units digit of ((-3164)/6 - -4)*l/4?
5
Let s(c) = c**3 - 30*c**2 + 35*c + 27. Let y be s(29). Let t = -154 + y. What is the units digit of t?
7
Let w(u) = 430*u**3 + 176*u**3 + 49*u**3 - 10*u**2 - 2 + 15*u**2 - 2*u. What is the units digit of w(1)?
6
Suppose -18*w + 35*w = 187. Suppose -w*d - 18 = -6948. What is the hundreds digit of d?
6
Let f(x) = 284*x**2 - 1 + x + 305*x**2 - 85*x**2. Let u be f(1). Suppose -s + u = 3*s. What is the tens digit of s?
2
Suppose 151218 + 66110 = 47*z. What is the hundreds digit of z?
6
Let t = 16857 + -8543. What is the hundreds digit of t?
3
Suppose 0 = -5*o + 16 + 4. Suppose 3*m - 18 = o*b + 14, -3*b = m + 11. Suppose 5*c = 3*f + 86, 3*c - 85 + 16 = -m*f. What is the units digit of c?
9
Let s(r) = r + 12. Let j be s(-12). Suppose 5*g - 4*d + j*d - 2742 = 0, 2*g = d + 1098. Suppose -5*q - g + 1555 = 0. What is the units digit of q?
1
Suppose 0 = -445*o + 435*o + 17850. What is the tens digit of o?
8
Suppose 0 = -9*i + 53 - 8. Suppose 19 - 9 = i*n. Suppose o - 5 = -n*v + 5*v, -v = -4*o + 9. What is the units digit of o?
2
Suppose -2*k = -2*b + 2397 + 3625, 0 = -3*b - 5*k + 9001. What is the thousands digit of b?
3
Let s(i) = i**2 - 2*i - 23. Let c be s(8). Let u be (c + -24)/((-2)/30). What is the hundreds digit of 32*u/(-2) - 2?
2
Let y = 74 - 56. What is the tens digit of (65 - -2)/(3*2/y)?
0
Suppose 4*u - 140 = -7*q + 3*q, 3*u + 43 = q. Suppose 32*o = q*o - 3615. What is the units digit of o?
3
Let i(l) = l**2 + 11*l + 2. Let v be i(-6). What is the hundreds digit of v*((-1800)/35)/9?
1
Let g(a) be the third derivative of -a**4/3 + 10*a**3/3 - 2308*a**2. Let v = 9 + -18. What is the tens digit of g(v)?
9
Let k(f) = 2*f**2 + 5*f + 6. Let x be k(-1). Suppose y - 5*a - 371 = -0*y, 2*y = x*a + 770. What is the hundreds digit of y?
3
Suppose 5*b + 17*v - 26*v - 32962 = 0, -4*b - 5*v = -26333. What is the tens digit of b?
8
Let l(x) = -1567*x + 747. What is the thousands digit of l(-10)?
6
Let p be (-2 + 13/2)*(-4)/6. Let w(z) = -56*z - 10. Let o(g) = -168*g - 30. Let q(l) = -2*o(l) + 7*w(l). What is the units digit of q(p)?
8
Suppose -3*o = -3*p, 9*p = -o + 4*p. Suppose o = 5*z - 232 - 303. Suppose 2*h - 3 = z. What is the tens digit of h?
5
Suppose 26*p = 64*p - 15*p - 391690. What is the tens digit of p?
3
Let c(a) = a**3 + 6*a**2 + 6*a + 12. Let h = -16 + 11. Let y be c(h). Suppose -k + y*k - 1176 = 0. What is the tens digit of k?
9
Suppose -3*v - 10555 - 3419 = -3*p, -p - v + 4666 = 0. What is the tens digit of p?
6
What is the hundreds digit of -1 + 2 + (-9)/((-9)/3) + 16112?
1
Let u be (1 - (2 + -2))*0/(-8). Suppose 3*j - 6 - 3 = u. Suppose -j*y - 4*k = -474, -2*y = 3*y + 3*k - 790. What is the tens digit of y?
5
Let l = 344 - 339. What is the tens digit of 6821/l + 4/(-20)?
6
Suppose 5090*a = 5101*a - 31064. What is the hundreds digit of a?
8
Suppose -256 = 35*a - 3*a. What is the units digit of (11 - 213)/(a/36)?
9
Let g be (24/(-15))/(6/4035*1). Let s be (-42)/(-189) + g/(-18). Suppose -l + 2*p + 0*p + 9 = 0, 5*l = -5*p + s. What is the tens digit of l?
1
Let f = 80 - -258. Let k = 468 - f. What is the tens digit of k?
3
Let d = -43 + 68. Let w = 28 - d. Suppose w*y + 132 = 7*y. What is the tens digit of y?
3
Suppose -v = 7, 500*b + 5*v = 501*b - 13271. What is the thousands digit of b?
3
Suppose 0*u + 3*u - 9 = 0. Suppose u*s = -4*n + 6*n + 23, -s + 1 = n. Suppose 0 = s*k - 4*k - 25. What is the tens digit of k?
2
Let j(s) = -404*s + 21. Let c be j(-1). Let t = c - 260. What is the units digit of t?
5
Let k be (1 + 0)/(13/2964). Suppose 6*j + 241 = -533. Let n = k + j. What is the tens digit of n?
9
Suppose 9*t = 29 - 38. What is the units digit of 27714/62*((-8)/6)/t?
6
Let h(l) = -l + 5. Let g be -6 - ((-9)/12)/(3/12). Let q be h(g). Let s(i) = -i**2 + 13*i - 2. What is the units digit of s(q)?
8
Suppose 4*t = -5*y - 6287, -19*t = 4*y - 23*t + 5008. Let q = -743 - y. What is the hundreds digit of q?
5
Suppose -2*t + 5*g = -10819, 4*g - 2577 - 2852 = -t. What is the tens digit of t?
1
What is the units digit of (408/36 + -11)*228?
6
What is the tens digit of (1913625/(-12))/(-7) - (-11)/(-44)?
8
Let j(m) = 151*m**2 + 3*m + 3. What is the tens digit of j(-4)?
0
Let u = -19327 - -33523. What is the tens digit of u?
9
Suppose 8 = -2*p, 10*l